{"id":62,"date":"2010-05-28T08:17:26","date_gmt":"2010-05-28T08:17:26","guid":{"rendered":"https:\/\/www.lamptech.de\/fr\/?page_id=62"},"modified":"2013-03-06T12:48:09","modified_gmt":"2013-03-06T12:48:09","slug":"uv-questionnaire","status":"publish","type":"page","link":"https:\/\/www.lamptech.de\/fr-emetteurs-lampes\/lampes-uv\/uv-questionnaire\/","title":{"rendered":"UV-Questionnaire"},"content":{"rendered":"<h2>Lampes Ultra-violet &#8211; Questionnaire<\/h2>\n<div class=\"width100fl\">\n<div class=\"left35\">\n<p class=\"mtop25 bold\">S\u2019il vous pla\u00eet remplir le questionnaire avec toutes les informations disponibles sur votre \u00e9metteur infrarouge et envoyer le formulaire directement \u00e0 nous, afin que nous puissions vous envoyer un devis correct autour de la lampe dont vous avez besoin.<\/p>\n<p><img class=\"mright0mtop170\" src=\"https:\/\/www.lamptech.de\/wp-content\/uploads\/2012\/03\/uv-lampen_hoch.gif\" alt=\"\" width=\"160\" \/><\/p>\n<\/div>\n<div class=\"left60\">\n<div role=\"form\" class=\"wpcf7\" id=\"wpcf7-f168-o1\" dir=\"ltr\">\n<div class=\"screen-reader-response\"><p role=\"status\" aria-live=\"polite\" aria-atomic=\"true\"><\/p> <ul><\/ul><\/div>\n<form action=\"\/fr-emetteurs-lampes\/wp-json\/wp\/v2\/pages\/62#wpcf7-f168-o1\" method=\"post\" class=\"wpcf7-form init\" novalidate=\"novalidate\" data-status=\"init\">\n<div style=\"display: none;\">\n<input type=\"hidden\" name=\"_wpcf7\" value=\"168\" \/>\n<input type=\"hidden\" name=\"_wpcf7_version\" value=\"5.5.6\" \/>\n<input type=\"hidden\" name=\"_wpcf7_locale\" value=\"\" \/>\n<input type=\"hidden\" name=\"_wpcf7_unit_tag\" value=\"wpcf7-f168-o1\" \/>\n<input type=\"hidden\" name=\"_wpcf7_container_post\" value=\"0\" \/>\n<input type=\"hidden\" name=\"_wpcf7_posted_data_hash\" value=\"\" \/>\n<\/div>\n<p class=\"bold\">Client:<br \/><span class=\"wpcf7-form-control-wrap text-758\"><input type=\"text\" name=\"text-758\" value=\"\" size=\"40\" class=\"wpcf7-form-control wpcf7-text wpcf7-validates-as-required\" aria-required=\"true\" aria-invalid=\"false\" \/><\/span><\/p>\n<p class=\"bold\">Email:<br \/><span class=\"wpcf7-form-control-wrap email-860\"><input type=\"email\" name=\"email-860\" value=\"\" size=\"40\" class=\"wpcf7-form-control wpcf7-text wpcf7-email wpcf7-validates-as-required wpcf7-validates-as-email\" aria-required=\"true\" aria-invalid=\"false\" \/><\/span><\/p>\n<p>Personne a contacter:<br \/><span class=\"wpcf7-form-control-wrap text-231\"><input type=\"text\" name=\"text-231\" value=\"\" size=\"40\" class=\"wpcf7-form-control wpcf7-text\" aria-invalid=\"false\" \/><\/span><\/p>\n<p>Adresse:<br \/><span class=\"wpcf7-form-control-wrap text-198\"><input type=\"text\" name=\"text-198\" value=\"\" size=\"40\" class=\"wpcf7-form-control wpcf7-text\" aria-invalid=\"false\" \/><\/span><\/p>\n<p>Code Postal:<br \/><span class=\"wpcf7-form-control-wrap text-299\"><input type=\"text\" name=\"text-299\" value=\"\" size=\"40\" class=\"wpcf7-form-control wpcf7-text\" aria-invalid=\"false\" \/><\/span><\/p>\n<p>Lieu:<br \/><span class=\"wpcf7-form-control-wrap text-993\"><input type=\"text\" name=\"text-993\" value=\"\" size=\"40\" class=\"wpcf7-form-control wpcf7-text\" aria-invalid=\"false\" \/><\/span><\/p>\n<p>Telefon<br \/><span class=\"wpcf7-form-control-wrap text-154\"><input type=\"text\" name=\"text-154\" value=\"\" size=\"40\" class=\"wpcf7-form-control wpcf7-text\" aria-invalid=\"false\" \/><\/span><\/p>\n<p>Telefax<br \/><span class=\"wpcf7-form-control-wrap text-174\"><input type=\"text\" name=\"text-174\" value=\"\" size=\"40\" class=\"wpcf7-form-control wpcf7-text\" aria-invalid=\"false\" \/><\/span><\/p>\n<p class=\"bold\">Fabricant du secheur:<br \/><span class=\"wpcf7-form-control-wrap text-317\"><input type=\"text\" name=\"text-317\" value=\"\" size=\"40\" class=\"wpcf7-form-control wpcf7-text\" aria-invalid=\"false\" \/><\/span><\/p>\n<p>A. Longueur totale:<br \/><span class=\"wpcf7-form-control-wrap text-41\"><input type=\"text\" name=\"text-41\" value=\"\" size=\"40\" maxlength=\"10\" class=\"wpcf7-form-control wpcf7-text\" aria-invalid=\"false\" \/><\/span><\/p>\n<p>B. Longueur \u00e9paule-\u00e9paule:<br \/><span class=\"wpcf7-form-control-wrap text-823\"><input type=\"text\" name=\"text-823\" value=\"\" size=\"40\" maxlength=\"10\" class=\"wpcf7-form-control wpcf7-text\" aria-invalid=\"false\" \/><\/span><\/p>\n<p>C. Longueur d\u00b4arc:<br \/><span class=\"wpcf7-form-control-wrap text-895\"><input type=\"text\" name=\"text-895\" value=\"\" size=\"40\" maxlength=\"10\" class=\"wpcf7-form-control wpcf7-text\" aria-invalid=\"false\" \/><\/span><\/p>\n<p>D. Diametre du tube:<br \/><span class=\"wpcf7-form-control-wrap text-857\"><input type=\"text\" name=\"text-857\" value=\"\" size=\"40\" maxlength=\"10\" class=\"wpcf7-form-control wpcf7-text\" aria-invalid=\"false\" \/><\/span><\/p>\n<p>E. Longueur cable<\/p>\n<p>E1: <span class=\"wpcf7-form-control-wrap text-564\"><input type=\"text\" name=\"text-564\" value=\"\" size=\"10\" maxlength=\"10\" class=\"wpcf7-form-control wpcf7-text\" aria-invalid=\"false\" \/><\/span><\/p>\n<p>E2: <span class=\"wpcf7-form-control-wrap text-734\"><input type=\"text\" name=\"text-734\" value=\"\" size=\"10\" maxlength=\"10\" class=\"wpcf7-form-control wpcf7-text\" aria-invalid=\"false\" \/><\/span><\/p>\n<p>R\u00e9ference originale de la lampe:<br \/><span class=\"wpcf7-form-control-wrap text-932\"><input type=\"text\" name=\"text-932\" value=\"\" size=\"40\" class=\"wpcf7-form-control wpcf7-text\" aria-invalid=\"false\" \/><\/span><\/p>\n<p>Type d\u00b4embout:<\/p>\n<p><\/p>\n<p><span class=\"wpcf7-form-control-wrap checkbox-787\"><span class=\"wpcf7-form-control wpcf7-checkbox\"><span class=\"wpcf7-list-item first\"><input type=\"checkbox\" name=\"checkbox-787[]\" value=\"ceramique\" \/><span class=\"wpcf7-list-item-label\">ceramique<\/span><\/span><span class=\"wpcf7-list-item\"><input type=\"checkbox\" name=\"checkbox-787[]\" value=\"metallique\" \/><span class=\"wpcf7-list-item-label\">metallique<\/span><\/span><span class=\"wpcf7-list-item last\"><input type=\"checkbox\" name=\"checkbox-787[]\" value=\"autres\" \/><span class=\"wpcf7-list-item-label\">autres<\/span><\/span><\/span><\/span><span class=\"wpcf7-form-control-wrap text-381\"><input type=\"text\" name=\"text-381\" value=\"\" size=\"40\" class=\"wpcf7-form-control wpcf7-text\" aria-invalid=\"false\" \/><\/span><\/p>\n<p class=\"bold\">Dimensions<\/p>\n<p>F:                      <span class=\"wpcf7-form-control-wrap text-812\"><input type=\"text\" name=\"text-812\" value=\"\" size=\"10\" maxlength=\"10\" class=\"wpcf7-form-control wpcf7-text\" aria-invalid=\"false\" \/><\/span><\/p>\n<p>G:                     <span class=\"wpcf7-form-control-wrap text-615\"><input type=\"text\" name=\"text-615\" value=\"\" size=\"10\" maxlength=\"10\" class=\"wpcf7-form-control wpcf7-text\" aria-invalid=\"false\" \/><\/span><\/p>\n<p>H:(diam\u00e8tre): <span class=\"wpcf7-form-control-wrap text-992\"><input type=\"text\" name=\"text-992\" value=\"\" size=\"10\" maxlength=\"10\" class=\"wpcf7-form-control wpcf7-text\" aria-invalid=\"false\" \/><\/span><\/p>\n<p>I: (diam\u00e8tre): <span class=\"wpcf7-form-control-wrap text-426\"><input type=\"text\" name=\"text-426\" value=\"\" size=\"10\" maxlength=\"10\" class=\"wpcf7-form-control wpcf7-text\" aria-invalid=\"false\" \/><\/span><\/p>\n<p>J:                       <span class=\"wpcf7-form-control-wrap text-175\"><input type=\"text\" name=\"text-175\" value=\"\" size=\"10\" maxlength=\"10\" class=\"wpcf7-form-control wpcf7-text\" aria-invalid=\"false\" \/><\/span><\/p>\n<p class=\"bold\">Characteristiques electriques<\/p>\n<p>Tension: <span class=\"wpcf7-form-control-wrap text-779\"><input type=\"text\" name=\"text-779\" value=\"\" size=\"10\" maxlength=\"10\" class=\"wpcf7-form-control wpcf7-text\" aria-invalid=\"false\" \/><\/span><\/p>\n<p>Amp\u00e8res:      <span class=\"wpcf7-form-control-wrap text-231\"><input type=\"text\" name=\"text-231\" value=\"\" size=\"10\" maxlength=\"10\" class=\"wpcf7-form-control wpcf7-text\" aria-invalid=\"false\" \/><\/span><\/p>\n<p>Puissance:   <span class=\"wpcf7-form-control-wrap text-991\"><input type=\"text\" name=\"text-991\" value=\"\" size=\"10\" maxlength=\"10\" class=\"wpcf7-form-control wpcf7-text\" aria-invalid=\"false\" \/><\/span><\/p>\n<p><input type=\"submit\" value=\"Envoyer \u00e0 LampTech\" class=\"wpcf7-form-control has-spinner wpcf7-submit\" \/><\/p>\n<div class=\"wpcf7-response-output\" aria-hidden=\"true\"><\/div><\/form><\/div>\n<\/div>\n<div class=\"clearfix\"><\/div>\n<p>Si vous avez une lampe tr\u00e8s complexe, s&#8217;il vous pla\u00eet <span class=\"bold\">envoyez un \u00e9chantillon ou une photo d\u00e9taill\u00e9e ou une figure de la lampe de fax (+49 5241 702761)<\/span> \u00e0 LampTech.<\/p>\n<\/div>","protected":false},"excerpt":{"rendered":"<p>Lampes Ultra-violet &#8211; Questionnaire S\u2019il vous pla\u00eet remplir le questionnaire avec toutes les informations disponibles sur votre \u00e9metteur infrarouge et envoyer le formulaire directement \u00e0 nous, afin que nous puissions vous envoyer un devis correct autour de la lampe dont vous avez besoin. Si vous avez une lampe tr\u00e8s complexe, s&#8217;il vous pla\u00eet envoyez un [&hellip;]<\/p>\n","protected":false},"author":1,"featured_media":0,"parent":10,"menu_order":1,"comment_status":"open","ping_status":"open","template":"","meta":[],"_links":{"self":[{"href":"https:\/\/www.lamptech.de\/fr-emetteurs-lampes\/wp-json\/wp\/v2\/pages\/62"}],"collection":[{"href":"https:\/\/www.lamptech.de\/fr-emetteurs-lampes\/wp-json\/wp\/v2\/pages"}],"about":[{"href":"https:\/\/www.lamptech.de\/fr-emetteurs-lampes\/wp-json\/wp\/v2\/types\/page"}],"author":[{"embeddable":true,"href":"https:\/\/www.lamptech.de\/fr-emetteurs-lampes\/wp-json\/wp\/v2\/users\/1"}],"replies":[{"embeddable":true,"href":"https:\/\/www.lamptech.de\/fr-emetteurs-lampes\/wp-json\/wp\/v2\/comments?post=62"}],"version-history":[{"count":5,"href":"https:\/\/www.lamptech.de\/fr-emetteurs-lampes\/wp-json\/wp\/v2\/pages\/62\/revisions"}],"predecessor-version":[{"id":177,"href":"https:\/\/www.lamptech.de\/fr-emetteurs-lampes\/wp-json\/wp\/v2\/pages\/62\/revisions\/177"}],"up":[{"embeddable":true,"href":"https:\/\/www.lamptech.de\/fr-emetteurs-lampes\/wp-json\/wp\/v2\/pages\/10"}],"wp:attachment":[{"href":"https:\/\/www.lamptech.de\/fr-emetteurs-lampes\/wp-json\/wp\/v2\/media?parent=62"}],"curies":[{"name":"wp","href":"https:\/\/api.w.org\/{rel}","templated":true}]}}