{"id":62,"date":"2010-05-28T08:17:26","date_gmt":"2010-05-28T08:17:26","guid":{"rendered":"https:\/\/www.lamptech.de\/es\/?page_id=62"},"modified":"2013-03-06T12:50:41","modified_gmt":"2013-03-06T12:50:41","slug":"uv-cuestinario","status":"publish","type":"page","link":"https:\/\/www.lamptech.de\/es-emisores\/emisores-uv\/uv-cuestinario\/","title":{"rendered":"UV-Cuestinario"},"content":{"rendered":"<h2>Emisores Ultravioleta &#8211; Cuestinario<\/h2>\n<div style=\"float: left;width: 100%\">\n<div style=\"float: left;width: 35%\">\n<p style=\"margin-top: 25px;font-weight: bold\">Por favor completa el cuestionario con toda la informaci\u00f3n disponible acerca de su emisor de infrarrojos para enviar el formulario directamente a nosotros, para que podamos enviarle un presupuesto correcto acerca de la l\u00e1mpara que usted necesita.<\/p>\n<p><img style=\"margin-right: 0px;margin-top: 170px\" src=\"https:\/\/www.lamptech.de\/wp-content\/uploads\/2012\/03\/uv-lampen_hoch.gif\" alt=\"\" width=\"160\" \/><\/p>\n<\/div>\n<div style=\"float: left;width: 60%;margin: 20px 0 0 20px\">\n<div role=\"form\" class=\"wpcf7\" id=\"wpcf7-f207-o1\" dir=\"ltr\">\n<div class=\"screen-reader-response\"><p role=\"status\" aria-live=\"polite\" aria-atomic=\"true\"><\/p> <ul><\/ul><\/div>\n<form action=\"\/es-emisores\/wp-json\/wp\/v2\/pages\/62#wpcf7-f207-o1\" method=\"post\" class=\"wpcf7-form init\" novalidate=\"novalidate\" data-status=\"init\">\n<div style=\"display: none;\">\n<input type=\"hidden\" name=\"_wpcf7\" value=\"207\" \/>\n<input type=\"hidden\" name=\"_wpcf7_version\" value=\"5.5.6\" \/>\n<input type=\"hidden\" name=\"_wpcf7_locale\" value=\"\" \/>\n<input type=\"hidden\" name=\"_wpcf7_unit_tag\" value=\"wpcf7-f207-o1\" \/>\n<input type=\"hidden\" name=\"_wpcf7_container_post\" value=\"0\" \/>\n<input type=\"hidden\" name=\"_wpcf7_posted_data_hash\" value=\"\" \/>\n<\/div>\n<p class=\"bold\">Cliente:<br \/><span class=\"wpcf7-form-control-wrap your-name\"><input type=\"text\" name=\"your-name\" value=\"\" size=\"40\" class=\"wpcf7-form-control wpcf7-text wpcf7-validates-as-required\" aria-required=\"true\" aria-invalid=\"false\" \/><\/span><\/p>\n<p class=\"bold\">E-Mail:<br \/><span class=\"wpcf7-form-control-wrap your-email\"><input type=\"email\" name=\"your-email\" value=\"\" size=\"40\" class=\"wpcf7-form-control wpcf7-text wpcf7-email wpcf7-validates-as-required wpcf7-validates-as-email\" aria-required=\"true\" aria-invalid=\"false\" \/><\/span><\/p>\n<p>Contacto:<br \/><span class=\"wpcf7-form-control-wrap text-231\"><input type=\"text\" name=\"text-231\" value=\"\" size=\"40\" class=\"wpcf7-form-control wpcf7-text\" aria-invalid=\"false\" \/><\/span><\/p>\n<p>Direcci\u00f3n:<br \/><span class=\"wpcf7-form-control-wrap text-198\"><input type=\"text\" name=\"text-198\" value=\"\" size=\"40\" class=\"wpcf7-form-control wpcf7-text\" aria-invalid=\"false\" \/><\/span><\/p>\n<p>C\u00f3digo Postal:<br \/><span class=\"wpcf7-form-control-wrap text-299\"><input type=\"text\" name=\"text-299\" value=\"\" size=\"40\" class=\"wpcf7-form-control wpcf7-text\" aria-invalid=\"false\" \/><\/span><\/p>\n<p>Ciudad:<br \/><span class=\"wpcf7-form-control-wrap text-993\"><input type=\"text\" name=\"text-993\" value=\"\" size=\"40\" class=\"wpcf7-form-control wpcf7-text\" aria-invalid=\"false\" \/><\/span><\/p>\n<p>Tel\u00e9fono::<br \/><span class=\"wpcf7-form-control-wrap text-154\"><input type=\"text\" name=\"text-154\" value=\"\" size=\"40\" class=\"wpcf7-form-control wpcf7-text\" aria-invalid=\"false\" \/><\/span><\/p>\n<p>Telefax:<br \/><span class=\"wpcf7-form-control-wrap text-174\"><input type=\"text\" name=\"text-174\" value=\"\" size=\"40\" class=\"wpcf7-form-control wpcf7-text\" aria-invalid=\"false\" \/><\/span><\/p>\n<p class=\"bold\">Fabricante del secador:<br \/><span class=\"wpcf7-form-control-wrap text-317\"><input type=\"text\" name=\"text-317\" value=\"\" size=\"40\" class=\"wpcf7-form-control wpcf7-text\" aria-invalid=\"false\" \/><\/span><\/p>\n<p>A. Longitud total:<br \/><span class=\"wpcf7-form-control-wrap text-41\"><input type=\"text\" name=\"text-41\" value=\"\" size=\"40\" maxlength=\"10\" class=\"wpcf7-form-control wpcf7-text\" aria-invalid=\"false\" \/><\/span><\/p>\n<p>B. Longitud de la l\u00e1mpara:<br \/><span class=\"wpcf7-form-control-wrap text-823\"><input type=\"text\" name=\"text-823\" value=\"\" size=\"40\" maxlength=\"10\" class=\"wpcf7-form-control wpcf7-text\" aria-invalid=\"false\" \/><\/span><\/p>\n<p>C. Longitud de arco:<br \/><span class=\"wpcf7-form-control-wrap text-895\"><input type=\"text\" name=\"text-895\" value=\"\" size=\"40\" maxlength=\"10\" class=\"wpcf7-form-control wpcf7-text\" aria-invalid=\"false\" \/><\/span><\/p>\n<p>D. Di\u00e1metro del tubo:<br \/><span class=\"wpcf7-form-control-wrap text-857\"><input type=\"text\" name=\"text-857\" value=\"\" size=\"40\" maxlength=\"10\" class=\"wpcf7-form-control wpcf7-text\" aria-invalid=\"false\" \/><\/span><\/p>\n<p>E. Longitud de la conexi\u00f3n:<\/p>\n<p>E1: <span class=\"wpcf7-form-control-wrap text-564\"><input type=\"text\" name=\"text-564\" value=\"\" size=\"10\" maxlength=\"10\" class=\"wpcf7-form-control wpcf7-text\" aria-invalid=\"false\" \/><\/span><\/p>\n<p>E2: <span class=\"wpcf7-form-control-wrap text-734\"><input type=\"text\" name=\"text-734\" value=\"\" size=\"10\" maxlength=\"10\" class=\"wpcf7-form-control wpcf7-text\" aria-invalid=\"false\" \/><\/span><\/p>\n<p>N\u00ba referencia del fabricante del secador:<br \/><span class=\"wpcf7-form-control-wrap text-932\"><input type=\"text\" name=\"text-932\" value=\"\" size=\"40\" class=\"wpcf7-form-control wpcf7-text\" aria-invalid=\"false\" \/><\/span><\/p>\n<p>Material de los portal\u00e1mparas:<\/p>\n<p><\/p>\n<p><span class=\"wpcf7-form-control-wrap checkbox-787\"><span class=\"wpcf7-form-control wpcf7-checkbox\"><span class=\"wpcf7-list-item first\"><input type=\"checkbox\" name=\"checkbox-787[]\" value=\"Cer\u00e1mica\" \/><span class=\"wpcf7-list-item-label\">Cer\u00e1mica<\/span><\/span><span class=\"wpcf7-list-item\"><input type=\"checkbox\" name=\"checkbox-787[]\" value=\"Metal\" \/><span class=\"wpcf7-list-item-label\">Metal<\/span><\/span><span class=\"wpcf7-list-item last\"><input type=\"checkbox\" name=\"checkbox-787[]\" value=\"Otros\" \/><span class=\"wpcf7-list-item-label\">Otros<\/span><\/span><\/span><\/span><span class=\"wpcf7-form-control-wrap text-381\"><input type=\"text\" name=\"text-381\" value=\"\" size=\"40\" class=\"wpcf7-form-control wpcf7-text\" aria-invalid=\"false\" \/><\/span><\/p>\n<p class=\"bold\">Dimensiones<\/p>\n<p>F:                      <span class=\"wpcf7-form-control-wrap text-812\"><input type=\"text\" name=\"text-812\" value=\"\" size=\"10\" maxlength=\"10\" class=\"wpcf7-form-control wpcf7-text\" aria-invalid=\"false\" \/><\/span><\/p>\n<p>G:                     <span class=\"wpcf7-form-control-wrap text-615\"><input type=\"text\" name=\"text-615\" value=\"\" size=\"10\" maxlength=\"10\" class=\"wpcf7-form-control wpcf7-text\" aria-invalid=\"false\" \/><\/span><\/p>\n<p>H: (di\u00e1metro) <span class=\"wpcf7-form-control-wrap text-992\"><input type=\"text\" name=\"text-992\" value=\"\" size=\"10\" maxlength=\"10\" class=\"wpcf7-form-control wpcf7-text\" aria-invalid=\"false\" \/><\/span><\/p>\n<p>I: (di\u00e1metro) <span class=\"wpcf7-form-control-wrap text-426\"><input type=\"text\" name=\"text-426\" value=\"\" size=\"10\" maxlength=\"10\" class=\"wpcf7-form-control wpcf7-text\" aria-invalid=\"false\" \/><\/span><\/p>\n<p>J:                       <span class=\"wpcf7-form-control-wrap text-175\"><input type=\"text\" name=\"text-175\" value=\"\" size=\"10\" maxlength=\"10\" class=\"wpcf7-form-control wpcf7-text\" aria-invalid=\"false\" \/><\/span><\/p>\n<p class=\"bold\">Datos el\u00e9tricos<\/p>\n<p>Voltaje de la l\u00e1mpara <span class=\"wpcf7-form-control-wrap text-779\"><input type=\"text\" name=\"text-779\" value=\"\" size=\"10\" maxlength=\"10\" class=\"wpcf7-form-control wpcf7-text\" aria-invalid=\"false\" \/><\/span><\/p>\n<p>Amperios de la l\u00e1mpara:      <span class=\"wpcf7-form-control-wrap text-231\"><input type=\"text\" name=\"text-231\" value=\"\" size=\"10\" maxlength=\"10\" class=\"wpcf7-form-control wpcf7-text\" aria-invalid=\"false\" \/><\/span><\/p>\n<p>Potencia de la l\u00e1mpara:   <span class=\"wpcf7-form-control-wrap text-991\"><input type=\"text\" name=\"text-991\" value=\"\" size=\"10\" maxlength=\"10\" class=\"wpcf7-form-control wpcf7-text\" aria-invalid=\"false\" \/><\/span><\/p>\n<p><input type=\"submit\" value=\"Enviar a LampTech\" class=\"wpcf7-form-control has-spinner wpcf7-submit\" \/><\/p>\n<div class=\"wpcf7-response-output\" aria-hidden=\"true\"><\/div><\/form><\/div>\n<\/div>\n<div style=\"clear: both\"><\/div>\n<p>En el caso de que la l\u00e1mpara sea compleja, por favor, <span class=\"bold\">env\u00edenos una muestra o un dibujo de la l\u00e1mpara por fax (+49 5241 702761)<\/span> a LampTech.<\/p>\n<\/div>","protected":false},"excerpt":{"rendered":"<p>Emisores Ultravioleta &#8211; Cuestinario Por favor completa el cuestionario con toda la informaci\u00f3n disponible acerca de su emisor de infrarrojos para enviar el formulario directamente a nosotros, para que podamos enviarle un presupuesto correcto acerca de la l\u00e1mpara que usted necesita. En el caso de que la l\u00e1mpara sea compleja, por favor, env\u00edenos una muestra [&hellip;]<\/p>\n","protected":false},"author":1,"featured_media":0,"parent":10,"menu_order":1,"comment_status":"open","ping_status":"open","template":"","meta":[],"_links":{"self":[{"href":"https:\/\/www.lamptech.de\/es-emisores\/wp-json\/wp\/v2\/pages\/62"}],"collection":[{"href":"https:\/\/www.lamptech.de\/es-emisores\/wp-json\/wp\/v2\/pages"}],"about":[{"href":"https:\/\/www.lamptech.de\/es-emisores\/wp-json\/wp\/v2\/types\/page"}],"author":[{"embeddable":true,"href":"https:\/\/www.lamptech.de\/es-emisores\/wp-json\/wp\/v2\/users\/1"}],"replies":[{"embeddable":true,"href":"https:\/\/www.lamptech.de\/es-emisores\/wp-json\/wp\/v2\/comments?post=62"}],"version-history":[{"count":2,"href":"https:\/\/www.lamptech.de\/es-emisores\/wp-json\/wp\/v2\/pages\/62\/revisions"}],"predecessor-version":[{"id":212,"href":"https:\/\/www.lamptech.de\/es-emisores\/wp-json\/wp\/v2\/pages\/62\/revisions\/212"}],"up":[{"embeddable":true,"href":"https:\/\/www.lamptech.de\/es-emisores\/wp-json\/wp\/v2\/pages\/10"}],"wp:attachment":[{"href":"https:\/\/www.lamptech.de\/es-emisores\/wp-json\/wp\/v2\/media?parent=62"}],"curies":[{"name":"wp","href":"https:\/\/api.w.org\/{rel}","templated":true}]}}