{"id":21,"date":"2010-05-27T09:22:32","date_gmt":"2010-05-27T09:22:32","guid":{"rendered":"https:\/\/www.lamptech.de\/es\/?page_id=21"},"modified":"2012-03-19T13:51:48","modified_gmt":"2012-03-19T13:51:48","slug":"contacto","status":"publish","type":"page","link":"https:\/\/www.lamptech.de\/es-emisores\/contacto\/","title":{"rendered":"Contacto"},"content":{"rendered":"<div style=\"float: left;width: 100%\">\n<div style=\"float: left;width: 40%;margin-top: 20px\">\n<p class=\"bold\">Acerca de esta forma que se<br \/> puede obtener informacion siempre y detalles preg\u00fantenos.<\/p>\n<p><\/p>\n<p class=\"bold\" style=\"padding-top:60px\">LampTech<\/p>\n<p>Weidenweg 38<br \/>\n33335 G\u00fctersloh<br \/>\nAlemania<\/p>\n<p class=\"bold\" style=\"padding-top: 10px\">Tel\u00e9fono: +49 (0)5241 702760<\/p>\n<p class=\"bold\" style=\"padding-top:10px\">Telefax: +49 (0)5241 702761<\/p>\n<p class=\"bold\" style=\"padding-top:10px\">E-Mail: lamp.tech@t-online.de<\/span><\/p>\n<\/div>\n<div style=\"float: left;width: 57%;margin-top: 20px\">\n<div role=\"form\" class=\"wpcf7\" id=\"wpcf7-f203-o1\" dir=\"ltr\">\n<div class=\"screen-reader-response\"><p role=\"status\" aria-live=\"polite\" aria-atomic=\"true\"><\/p> <ul><\/ul><\/div>\n<form action=\"\/es-emisores\/wp-json\/wp\/v2\/pages\/21#wpcf7-f203-o1\" method=\"post\" class=\"wpcf7-form init\" novalidate=\"novalidate\" data-status=\"init\">\n<div style=\"display: none;\">\n<input type=\"hidden\" name=\"_wpcf7\" value=\"203\" \/>\n<input type=\"hidden\" name=\"_wpcf7_version\" value=\"5.5.6\" \/>\n<input type=\"hidden\" name=\"_wpcf7_locale\" value=\"\" \/>\n<input type=\"hidden\" name=\"_wpcf7_unit_tag\" value=\"wpcf7-f203-o1\" \/>\n<input type=\"hidden\" name=\"_wpcf7_container_post\" value=\"0\" \/>\n<input type=\"hidden\" name=\"_wpcf7_posted_data_hash\" value=\"\" \/>\n<\/div>\n<p><span class=\"bold\">Su nombre<\/span> (especifique)<br \/>\n    <span class=\"wpcf7-form-control-wrap your-name\"><input type=\"text\" name=\"your-name\" value=\"\" size=\"40\" class=\"wpcf7-form-control wpcf7-text wpcf7-validates-as-required\" aria-required=\"true\" aria-invalid=\"false\" \/><\/span> <\/p>\n<p><span class=\"bold\">Su Email<\/span> (especifique)<br \/>\n    <span class=\"wpcf7-form-control-wrap your-email\"><input type=\"email\" name=\"your-email\" value=\"\" size=\"40\" class=\"wpcf7-form-control wpcf7-text wpcf7-email wpcf7-validates-as-required wpcf7-validates-as-email\" aria-required=\"true\" aria-invalid=\"false\" \/><\/span> <\/p>\n<p>Tema:<br \/>\n    <span class=\"wpcf7-form-control-wrap your-subject\"><input type=\"text\" name=\"your-subject\" value=\"\" size=\"40\" class=\"wpcf7-form-control wpcf7-text\" aria-invalid=\"false\" \/><\/span> <\/p>\n<p>Tu mensaje<br \/>\n    <span class=\"wpcf7-form-control-wrap your-message\"><textarea name=\"your-message\" cols=\"40\" rows=\"10\" class=\"wpcf7-form-control wpcf7-textarea\" aria-invalid=\"false\"><\/textarea><\/span> <\/p>\n<p><input type=\"submit\" value=\"Enviar\" class=\"wpcf7-form-control has-spinner wpcf7-submit\" \/><\/p>\n<div class=\"wpcf7-response-output\" aria-hidden=\"true\"><\/div><\/form><\/div>\n<\/div>\n<\/div>","protected":false},"excerpt":{"rendered":"<p>Acerca de esta forma que se puede obtener informacion siempre y detalles preg\u00fantenos. LampTech Weidenweg 38 33335 G\u00fctersloh Alemania Tel\u00e9fono: +49 (0)5241 702760 Telefax: +49 (0)5241 702761 E-Mail: lamp.tech@t-online.de<\/p>\n","protected":false},"author":1,"featured_media":0,"parent":0,"menu_order":3,"comment_status":"open","ping_status":"open","template":"","meta":[],"_links":{"self":[{"href":"https:\/\/www.lamptech.de\/es-emisores\/wp-json\/wp\/v2\/pages\/21"}],"collection":[{"href":"https:\/\/www.lamptech.de\/es-emisores\/wp-json\/wp\/v2\/pages"}],"about":[{"href":"https:\/\/www.lamptech.de\/es-emisores\/wp-json\/wp\/v2\/types\/page"}],"author":[{"embeddable":true,"href":"https:\/\/www.lamptech.de\/es-emisores\/wp-json\/wp\/v2\/users\/1"}],"replies":[{"embeddable":true,"href":"https:\/\/www.lamptech.de\/es-emisores\/wp-json\/wp\/v2\/comments?post=21"}],"version-history":[{"count":1,"href":"https:\/\/www.lamptech.de\/es-emisores\/wp-json\/wp\/v2\/pages\/21\/revisions"}],"predecessor-version":[{"id":204,"href":"https:\/\/www.lamptech.de\/es-emisores\/wp-json\/wp\/v2\/pages\/21\/revisions\/204"}],"wp:attachment":[{"href":"https:\/\/www.lamptech.de\/es-emisores\/wp-json\/wp\/v2\/media?parent=21"}],"curies":[{"name":"wp","href":"https:\/\/api.w.org\/{rel}","templated":true}]}}